- 41. Is 2/3*o/(-4) + 526 composite?
True
Is 2/((66/98187)/11) a composite number?
True
Suppose 2*f = -3*y - 7, -f + 2*y - 5*y - 8 = 0. Let z(k) be the third derivative of 71*k**4/3 - k**3/2 - 6*k**2. Is z(f) a prime number?
False
Let m = -404 + 471. Suppose 71*y - 9628 = m*y. Is y prime?
False
Is ((-3)/(-6))/(30/4735620) composite?
True
Let x(b) = 29*b**2 + 4*b + 27. Let w be x(13). Let i = 8226 - w. Is 1/(4875/i + 9/(-6)) prime?
True
Let c(t) = 28*t - 13. Let q(k) = 14*k - 7. Let m(w) = -3*w**2 - 2*w - 2. Let i be m(-2). Let g(l) = i*q(l) + 4*c(l). Is g(-7) a composite number?
True
Let x(o) = -o**3 - 2*o**2 - 3*o - 7. Let u = -117 - -111. Let y be x(u). Is y - -5 - 4 - -1 a prime number?
True
Let p(q) = -q**3 - 6*q**2 + 2*q - 5. Let s be p(-6). Suppose 5*v - 33 = 3*h - 238, 220 = 4*h + 4*v. Let u = h + s. Is u composite?
False
Suppose -8*d - 56 - 40 = 0. Is 9/d - (-10653)/12 composite?
False
Suppose 0 = 29*w - 22*w. Suppose -2*u + 6*n = 3*n - 10619, -3*u - 5*n + 15938 = w. Is u prime?
False
Suppose 0 = 2*f + 10, -17 = 3*o + 4*f + 9. Let s(r) = -354*r**3 - 5*r**2 - r - 1. Is s(o) composite?
True
Let r(v) = v**3 - v**2 + 4*v - 11. Let b(l) be the second derivative of l**3/6 - 11*l. Let q(o) = -b(o) - r(o). Is q(-6) a composite number?
False
Suppose 26073 = d + 4*t, -5*t + 27920 = -5*d + 158160. Is d composite?
False
Suppose -5*u - 821282 = -4*a + 321609, 27 = 3*u. Is a prime?
False
Let u(r) = 4 + 74*r**2 - 12 + 128*r**3 - 69*r**2. Is u(3) prime?
False
Suppose 30*a + 297238 - 1275388 = 0. Is a prime?
False
Suppose 98 = -o + 2*t + 291, 5*t = 15. Suppose 0 = 3*f + 4*q - 357, 4*f + 5*q - 416 = 59. Suppose 2*b - o = f. Is b composite?
False
Let b(t) be the first derivative of 32*t**3/3 - 9*t + 42. Is b(7) a prime number?
True
Suppose 2*q - 359713 = -5*y, q + 287744 = 4*y - 4*q. Is y a prime number?
True
Let o be 3*1/(6/(-4)). Let h(x) = -33*x**3 - 3*x**2 - 2. Let m(k) = k**3 + 2*k**2 - k + 1. Let y(b) = h(b) + m(b). Is y(o) a prime number?
False
Let x(m) = 40*m**2 - m + 4. Let o be x(4). Let y = o - -181. Is y a composite number?
False
Suppose 81 = 3*h + 2*c - 1, h = 4*c + 46. Let m(d) = -8*d + 87. Let a be m(13). Let j = h + a. Is j composite?
False
Suppose 4*x = -4*a - 4, 5*x + 25 = 3*a - 12. Is (-10283)/x - -3 - 6/10 prime?
False
Suppose -3*c + 2 = k, 0 = -5*k + 3 + 7. Suppose c = -p + 3619 - 510. Is p prime?
True
Let o be 64/80*(-10)/(-4). Suppose -o*j = 5*u - 5371, 6*j - 1079 = -u + 4*j. Is u prime?
False
Let m(i) = 548*i**2 - i - 591. Is m(16) prime?
True
Let v(f) = -247*f + 449. Is v(-50) a prime number?
True
Let u(c) = 394*c**3 - 3*c**2 + 16*c + 5. Let l be u(7). Suppose 24*y - 105776 = l. Is y prime?
True
Suppose z + 32 = 2*d, 5*d - 34 = -5*z + 31. Let h be 36/d + (-6)/15. Suppose 0 = -5*k + h*o + 2239, 4*k - 483 - 1307 = 2*o. Is k a prime number?
True
Suppose q + 3*r + 1 = 0, 2*q + 20 = 4*q - 5*r. Suppose 0*b - 4005 = -5*b + q*j, -3*j + 3204 = 4*b. Is (-11)/((-3)/b*3) a prime number?
False
Suppose -5*w - 33347 = -2*y - 250846, 5*y = -4*w + 173986. Is w composite?
False
Is (-13406380)/(-156) + (-4)/(-6) composite?
True
Let b(j) = j**2 + 12*j + 33. Let v be b(-5). Is 182331/18 - v/(-4) a composite number?
True
Let q(x) be the first derivative of x**4/4 - 5*x**3/2 + 19*x**2/2 - 10*x + 15. Let h(r) be the first derivative of q(r). Is h(9) composite?
False
Let n(g) = 41179*g**2 - 35*g - 39. Is n(5) a composite number?
True
Let n be ((-5)/(-4) - 1) + 105/28. Suppose 3*h - 7*h + 314 = 2*m, -n*h = -2*m + 330. Is m prime?
False
Suppose 4536*b = 4565*b - 21369259. Is b prime?
True
Let w(s) = 3561*s + 1471. Is w(16) a composite number?
True
Let t(n) = 239*n**2 - 14*n - 1342. Is t(-39) a composite number?
False
Suppose 3871*s = n + 3874*s - 149359, -4*n + 4*s + 597516 = 0. Is n composite?
True
Let f = -2177 + 157699. Is f composite?
True
Let k(g) = -3815*g - 10. Suppose 34*i + 12 = 22*i. Is k(i) composite?
True
Suppose -2*g + 31 = 3*a, 5*a + 0*a + 5*g - 55 = 0. Suppose 43058 = -a*j + 147881. Is j a composite number?
True
Let b(u) = 161*u - 2112. Is b(29) composite?
False
Suppose 0 = -2*a + 2*g + 6, 1 = -3*a + 2*g + 11. Suppose 0 = a*t - 383 - 1361. Let z = t + -47. Is z a composite number?
False
Suppose 5*g - 6970 = 5*l, -3*l + 6288 = 4*g + 677. Is g prime?
True
Let z = 1529 + -914. Suppose 6*l - 11*l = -z. Suppose 1514 = v - l. Is v prime?
True
Suppose -3*d = -n - 667427, -51*d - 1112381 = -56*d + n. Is d composite?
True
Suppose -10*w + 62355 + 135335 = 0. Is w composite?
True
Suppose q + 717051 = y, q - 388306 = 3*y - 2539463. Is y prime?
False
Is (65405 - 2*-1)*(3 + -22 + 20) prime?
True
Let u = 92 - 69. Let z = 34 - u. Suppose z*p = 17*p - 11766. Is p prime?
False
Let m be 3725995/28 + (-6)/(-8). Suppose 18*v - 2*v = m. Is v composite?
False
Suppose m - 396 = -3*m - 2*q, q - 489 = -5*m. Let d = m - 93. Suppose 2*a - 6*a - d*f = -10992, 0 = 2*a - f - 5493. Is a a composite number?
True
Suppose 246997 - 734902 = -29*a + 337406. Is a composite?
True
Suppose 44*r + 95*r = 477187. Is r prime?
True
Let t(f) be the third derivative of -f**6/120 + f**5/20 + f**4/8 + 2063*f**3/6 - 79*f**2. Is t(0) composite?
False
Suppose -1 + 2 = -2*g + z, -2*g + 3*z = 11. Let s be g - ((-2 - -5) + -6). Suppose -4*v - 4*i + 3583 = -i, -2*v + s*i = -1785. Is v composite?
True
Let o(c) = c**3 - c**2 - 190*c + 67. Is o(27) prime?
False
Suppose -4*y + 39 = o - 0*o, 3*o = -5*y + 54. Suppose -b = g - 7, -2*g = -b - y - 17. Suppose -8*h - 5847 = -g*h. Is h a composite number?
False
Suppose -43*j + 517355 + 11588 = 0. Is j a composite number?
False
Suppose 26*m = -2*o + 24*m + 609436, -4*o = -m - 1218897. Is o prime?
True
Suppose q - 5*n = -9403, -q + 3*n - 1027 = 8366. Let u = 2859 - q. Is u a composite number?
True
Let z = 16 - -84. Suppose -3*o + z + 134 = 2*c, -5*o + 131 = c. Is c prime?
False
Let i(k) = -42*k + 4. Let w(b) = -b**2 - 3*b + 3. Suppose 2*p + 10 = 2. Let n be w(p). Is i(n) prime?
False
Suppose 899*h - 898*h + v - 239230 = 0, v = 4*h - 956925. Is h a composite number?
False
Let o = -370800 + 1043663. Is o composite?
False
Let w = -124138 - -240285. Is w composite?
True
Is (139269/(-26))/((-9)/138) prime?
False
Let s be 189/18*(-2)/(-7). Is ((-1)/s - (-84)/63)*2579 prime?
True
Suppose 8*k - 4*k + 20 = 0, 5*k + 10279 = 3*b. Let p = -809 + b. Is p a prime number?
True
Is (-24)/21 + 1007078/14 composite?
False
Suppose -287937 = 3*k - 738903. Is k prime?
False
Let i be -52 - -1682 - (-6)/(-2). Is (-8 - -2)/(-1) + i a composite number?
True
Suppose -19309840 = -460*x + 407*x - 5224719. Is x prime?
True
Let u(b) = b**3 - 14*b**2 + 3*b - 40. Let j be u(14). Is (52/6)/(j/789) a composite number?
True
Suppose 0*l - 29 = -l + 5*h, 2*l - 5*h = 58. Suppose 0 = -l*q + 49686 + 82583. Is q a prime number?
True
Suppose 214*v = 217*v + 18. Let g(j) = -4*j**3 + 2*j**2 + 10*j + 1. Is g(v) a prime number?
True
Let g(o) = 17*o**3 - 4*o**2 + 92*o - 193. Is g(16) a composite number?
True
Let y(d) be the first derivative of 2295*d**2/2 - 124*d - 207. Is y(3) prime?
True
Let b = 77318 - 41061. Is b composite?
True
Let q = 288515 - -715434. Is q a prime number?
False
Let g(i) = i**3 + 9*i**2 - 12*i - 2. Let j be g(-10). Suppose 0 = 7*x - 9*x + j. Suppose -454 = -x*b + 653. Is b a prime number?
False
Suppose 0*v + 970 = 5*v. Let t = v - 306. Let b = -75 - t. Is b a composite number?
False
Let f be (6/5)/((-46)/20 + 2). Is ((-2)/f - 0)/((-1)/(-10942)) composite?
False
Let x = 8164 - 2224. Suppose -2*g + 17936 - x = 0. Is g prime?
False
Suppose 0 = 3*i - 18 + 3, k - 11 = -2*i. Suppose -r - k = -2, 0 = 3*q - 3*r - 2718. Is q prime?
True
Let j = -1505 + -596. Let k be (107 + 1)/(20/(-130)). Let h = k - j. Is h a prime number?
True
Suppose 171*u = 23*u - 271*u + 33875731. Is u composite?
False
Let n(h) = h**3 - 5*h**2 + 3*h - 3. Let j = -65 - -69. Let k be n(j). Is 13558/18 - k/(504/(-16)) composite?
True
Let y(u) = 1259*u**3 - 2*u**2 + 40*u - 5691*u**3 - 42*u - 1. Let c be y(-1). Is (1/3)/(7/c) a prime number?
True
Let p = -310 - -321. Suppose -p*x = -8*x - 19671. Is x prime?
False
Let q = 399 - 384. Is (-27208)/(-6) - q/(-45) composite?
True
Let f(x) = x - 1. Let i(u) = 30*u**2 + 33*u + 26. Let l(k) = -4*f(k) + i(k). Is l(17) a prime number?
False
Let d(i) = -i**3 - 6*i**2 + i + 4. Let k